*n - 88 = -n. Let i(o) = o**2 + 8*o + 8. Let k be i(-7). What is the remainder when (21/6)/(k/12) is divided by n?
20
Let f be ((-5)/(-10))/((-1)/(-34)). Suppose -2*u + f = -u. What is the remainder when u is divided by 6?
5
Let a = 7 + -6. What is the remainder when 6/(-12)*(a + -11) is divided by 2?
1
Let y(w) = w**2 + 7*w + 3. Let k be y(-7). Suppose q = 3*b - 4*q - 42, 3*b - 36 = k*q. Calculate the remainder when -12*(0 + (-8)/6) is divided by b.
7
Let g = 11 - 9. Suppose t = 5 + g. Calculate the remainder when 20 is divided by t.
6
Let v(h) = -2*h. Let t be v(-1). Suppose 3*q - t*q = 17. Calculate the remainder when q is divided by 6.
5
Let i(h) = -h**2 + h + 2. What is the remainder when i(0) is divided by 2?
0
Suppose f - 24 = -4*f + 2*j, 0 = 3*j + 6. What is the remainder when 9 is divided by f?
1
Let o(p) = -p**2 - 10*p + 10. Calculate the remainder when o(-6) is divided by 13.
8
Let a(t) = t**2 - 8*t + 2. Let v be a(8). Suppose 2*k - 4*k = -v. Let b = 7 + k. Calculate the remainder when 13 is divided by b.
5
Let d(a) = -7*a - 7. Let k be d(-6). Suppose -2*u - 17 = -3*x, 0*u + 4*u = -5*x + 43. Suppose -x*t + 2*t + k = 0. What is the remainder when t is divided by 4?
3
Calculate the remainder when 70 is divided by (-47)/(-2) - (-2)/((-12)/(-3)).
22
Suppose -3*p = s - 54, 4*p + s = 3*s + 62. Let v = p + -3. Suppose 205 = 4*l + l. Calculate the remainder when l is divided by v.
13
Suppose -8*a = -46 - 42. Calculate the remainder when 41 is divided by a.
8
Let d = 15 - 11. Calculate the remainder when 28 is divided by (5 - 1)*10/d.
8
Suppose 3 = -3*t, -3*k + 3*t + 9 + 12 = 0. Suppose -w + 6 = -3*w, 27 = 3*o - 5*w. Suppose 0 = g - 0*g - o. What is the remainder when k is divided by g?
2
Suppose 2*q - 14 = -6. Calculate the remainder when 23 is divided by q/(-4*2/(-24)).
11
Suppose -138 = -2*p - 2*a, 2*p + 2*p + a - 288 = 0. What is the remainder when p is divided by 25?
23
Let g = -35 - -50. Let x(l) = -5*l - 10. Let i(n) = -11*n - 20. Let z(v) = 2*i(v) - 5*x(v). What is the remainder when z(11) is divided by g?
13
Let c be (-18)/6 + (6 - 1). Calculate the remainder when 2/c*1*18 is divided by 10.
8
Let s(g) = 5 + 0 - 1 - 5*g + 0*g. What is the remainder when 56 is divided by s(-3)?
18
Let f(n) be the second derivative of -n**5/10 + n**4/6 + n**3/3 - n**2 - n. Suppose 12 + 58 = 2*k. What is the remainder when k is divided by f(-2)?
17
Let x(b) be the third derivative of 1/24*b**4 - 1/20*b**6 + 1/60*b**5 + 1/6*b**3 + 3*b**2 + 0*b + 0. What is the remainder when 13 is divided by x(-1)?
6
Let a(u) = -3*u**3 + 2*u + 1. Suppose -t - 4 + 3 = 0. Let z be a(t). Suppose -n = z*w + 2*w - 71, w - 2*n = 20. Calculate the remainder when w is divided by 10.
8
Let o(u) = -12*u + 7. What is the remainder when o(-5) is divided by 17?
16
Suppose 0 = p - 3*p - 44. Let i = p - -39. Calculate the remainder when -1 - (-1*102)/2 is divided by i.
16
Let s = -3 - -6. Suppose -5*q + s*q = 2*i - 2, 4*q - 2*i = 10. What is the remainder when q is divided by 1?
0
Let b(a) = a + 33. What is the remainder when 53 is divided by b(-15)?
17
Let l(w) = 2*w - 3. Let z(h) = h. Let s(g) = l(g) - 6*z(g). Calculate the remainder when 49 is divided by s(-4).
10
Let h = -28 + 35. What is the remainder when 33 is divided by h?
5
Let i(r) = -3*r + 18. What is the remainder when i(-11) is divided by 13?
12
Let r(d) = d - 2. Let k be -1 + ((-2)/(-2) - -3). Let g be r(k). Let x = g - -3. What is the remainder when 10 is divided by x?
2
Let f(x) = -3*x + 4*x + 4*x + 1 - 4*x. What is the remainder when 22 is divided by f(5)?
4
Suppose -4 = -2*x + 6. Calculate the remainder when 14 is divided by x.
4
Let o = 16 + -4. Calculate the remainder when 20 is divided by o.
8
Let o(f) = f + 8. Let k be o(0). Let x = 6 + k. Let t = -40 + 81. What is the remainder when t is divided by x?
13
Let x(k) = 2*k**2 - 10*k - 10. Suppose 3*u + 2*u - 30 = 0. Suppose -u = -z + 2. What is the remainder when x(z) is divided by 13?
12
Let s = 337 + -196. What is the remainder when s is divided by 48?
45
Let a = 8 + -3. Let v = -3 + a. Let o = -7 + 12. What is the remainder when o is divided by v?
1
What is the remainder when 4 is divided by (3 - 3)*-1 + 3?
1
Let r(x) = -x**2 - 17*x - 3. Calculate the remainder when 51 is divided by r(-16).
12
Let v = -2 + 1. Let h = v - -3. Suppose h*g = 7*g - 80. What is the remainder when g is divided by 6?
4
Suppose 5*p - 39 = 2*p. Let l(q) = -4*q + 8. Calculate the remainder when l(-7) is divided by p.
10
Let g(f) = f**2 + 2*f - 3. Let j(y) = -y**3 + 5*y**2 - 3*y - 3. Let q be j(3). Calculate the remainder when g(2) is divided by q/((-1)/(4/(-6))).
1
Let r be 0 + 0 + (-3 - -3). Suppose r = 5*t + 106 - 446. What is the remainder when 41 is divided by 4/(-12) - t/(-6)?
8
Suppose -2*k - 4*y + 208 = 0, -103 - 389 = -5*k - 3*y. Calculate the remainder when k is divided by 14.
12
Suppose -18*z + 23*z - 90 = 0. What is the remainder when 67 is divided by z?
13
Suppose -26 = -4*i + 3*i + j, -120 = -5*i - 5*j. Suppose -39 - i = -4*w. Let s = 35 - w. Calculate the remainder when s is divided by 7.
5
Let k = 16 + -10. Let o be (-3)/k + 95/2. Suppose 3*s + 4*u = o, 3*s - 4*u = -s + 100. What is the remainder when s is divided by 11?
10
What is the remainder when 35/((-2)/(-8)*4) is divided by 13?
9
Let o = 5 + -3. Let j = 4 + -4. Suppose -5*k + 0*k + 15 = j. What is the remainder when k is divided by o?
1
Suppose -4*a + 65 = 3*w, 0*a - 48 = -3*a - 2*w. Calculate the remainder when 39 is divided by a.
11
Let q = -12 + -5. Let c = 39 + q. What is the remainder when c is divided by ((-16)/(-6))/(1/3)?
6
Suppose -3*y - o + 376 = 2*y, -5*y = -o - 384. Calculate the remainder when y is divided by 16.
12
Let j(h) = 5*h**3 - 2*h**2 + 2*h - 1. Let f be j(1). Suppose -p + 15 = -0*p - f*i, -4*p + 21 = -3*i. What is the remainder when 7 is divided by p?
1
Let v = -12 - -21. Calculate the remainder when 17 is divided by v.
8
Suppose 0 = -36*x + 34*x + 100. What is the remainder when x is divided by 9?
5
Suppose -5 = 2*v + 1. Let h(c) = c**2 + 1. Calculate the remainder when (1 + 3)*(-38)/(-8) is divided by h(v).
9
Suppose -12 = 4*t + 20. Let k(c) = c**3 + 8*c**2 - 2*c - 12. What is the remainder when (-32)/(-3) + (-1)/(-3) is divided by k(t)?
3
Let m = 2 - -21. Let u(d) = -d. Let z(p) = -6. Let r(y) = -2*u(y) + z(y). What is the remainder when m is divided by r(9)?
11
Suppose -3*f + 46 = -2*k, -6 - 2 = -f - 3*k. What is the remainder when 26 is divided by f?
12
Let w = 21 + -9. What is the remainder when ((-12)/18)/(6/(-207)) is divided by w?
11
Let p = -15 - -37. What is the remainder when 107 is divided by p?
19
Let c be -9*(3 + -4)*-1. Let b(y) = y**3 + 4*y**2 + 4*y + 2. Let o be b(-2). Calculate the remainder when 6/o*(-78)/c is divided by 7.
5
Let w(v) = 7*v**2 - 3*v + 9 + 0*v + 10*v - 41*v**3 + 42*v**3. What is the remainder when w(-6) is divided by 2?
1
Let a be 1*19*-1*1. Let b = 31 + a. Let t = 89 - 55. Calculate the remainder when t is divided by b.
10
Let j = 1 + 5. Suppose -3 = 3*x - j*x. Calculate the remainder when 12 is divided by (1/x)/((-1)/(-7)).
5
Let w = 13 + 12. Let d = -1 - -3. Suppose 18 = 5*f + d*k - 37, 3*k = -3*f + 42. Calculate the remainder when w is divided by f.
7
Suppose 5*x - 12 = 3*x. Calculate the remainder when ((-2)/3)/(1/(-15)) is divided by x.
4
Let d(y) = -y**3 - 2*y**2 - 2*y. Let j be d(-2). Calculate the remainder when 7 is divided by ((-12)/(-2))/(6/j).
3
Suppose -4*i - 5*s = -96, 0*s = i - s - 24. Suppose 0*o = o + 3. What is the remainder when i is divided by -2 - (1*-18 - o)?
11
Let g = 21 - 12. Let k(u) = -u - 5. Let j be k(g). What is the remainder when 49 is divided by (-4)/(-14) + (-234)/j?
15
Suppose -a = -14 + 2. Let q = 34 + a. Let f = 14 + 2. What is the remainder when q is divided by f?
14
Suppose -f + 169 = 3*z, -7*f + 2*f - 10 = 0. What is the remainder when z is divided by 6/8*(15 + 1)?
9
Suppose 2 = w - 2. Let p = 18 - w. Calculate the remainder when 25 is divided by p.
11
Suppose -5*i + d = -32, d = i - 0*i - 8. Let a(l) be the first derivative of -5*l**2/2 - 4*l + 1. Calculate the remainder when a(-3) is divided by i.
5
Suppose -4 = 2*o - 16. Calculate the remainder when 21 is divided by 34/6 + 2/o.
3
Let f = 7 + -15. Let c = -3 - f. Su